{"id":1853,"date":"2025-06-26T18:08:49","date_gmt":"2025-06-26T16:08:49","guid":{"rendered":"https:\/\/lezamaasesores.com\/traduxpress\/?page_id=1853"},"modified":"2025-11-27T20:43:49","modified_gmt":"2025-11-27T19:43:49","slug":"contacto","status":"publish","type":"page","link":"https:\/\/lezamaasesores.com\/sanz\/contacto\/","title":{"rendered":"Contacto"},"content":{"rendered":"\t\t<div data-elementor-type=\"wp-page\" data-elementor-id=\"1853\" class=\"elementor elementor-1853\" data-elementor-post-type=\"page\">\n\t\t\t\t<div class=\"elementor-element elementor-element-c7c2da3 e-flex e-con-boxed e-con e-parent\" data-id=\"c7c2da3\" data-element_type=\"container\">\n\t\t\t\t\t<div class=\"e-con-inner\">\n\t\t<div class=\"elementor-element elementor-element-610f323 e-con-full e-flex e-con e-child\" data-id=\"610f323\" data-element_type=\"container\">\n\t\t\t\t<div class=\"elementor-element elementor-element-c1a56bc elementor-widget elementor-widget-text-editor\" data-id=\"c1a56bc\" data-element_type=\"widget\" data-widget_type=\"text-editor.default\">\n\t\t\t\t<div class=\"elementor-widget-container\">\n\t\t\t\t\t\t\t\t\t<p>Contacta conmigo sin compromiso<\/p>\t\t\t\t\t\t\t\t<\/div>\n\t\t\t\t<\/div>\n\t\t\t\t<div class=\"elementor-element elementor-element-05759f0 elementor-widget elementor-widget-text-editor\" data-id=\"05759f0\" data-element_type=\"widget\" data-widget_type=\"text-editor.default\">\n\t\t\t\t<div class=\"elementor-widget-container\">\n\t\t\t\t\t\t\t\t\t<p data-start=\"458\" data-end=\"728\"><strong>Cada experiencia que ofrezco<\/strong> \u2014chef privado, show cooking, talleres o cursos\u2014 <strong>se dise\u00f1a de forma totalmente personalizada.<\/strong> Te atender\u00e9 personalmente para resolver dudas y ayudarte a crear exactamente lo que necesitas.<\/p>\t\t\t\t\t\t\t\t<\/div>\n\t\t\t\t<\/div>\n\t\t\t\t<div class=\"elementor-element elementor-element-35180cd elementor-widget elementor-widget-text-editor\" data-id=\"35180cd\" data-element_type=\"widget\" data-widget_type=\"text-editor.default\">\n\t\t\t\t<div class=\"elementor-widget-container\">\n\t\t\t\t\t\t\t\t\t<p>Presupuesto ajustado a tu propuesta<\/p>\t\t\t\t\t\t\t\t<\/div>\n\t\t\t\t<\/div>\n\t\t\t\t<div class=\"elementor-element elementor-element-b85c4b6 elementor-widget elementor-widget-text-editor\" data-id=\"b85c4b6\" data-element_type=\"widget\" data-widget_type=\"text-editor.default\">\n\t\t\t\t<div class=\"elementor-widget-container\">\n\t\t\t\t\t\t\t\t\t<p>No existen precios est\u00e1ndar, porque no hay dos experiencias iguales. El presupuesto depender\u00e1 del tipo de servicio, n\u00famero de asistentes, men\u00fa o tem\u00e1tica elegida y la log\u00edstica necesaria. <strong>Siempre te propondr\u00e9 la opci\u00f3n m\u00e1s ajustada a tus necesidades.<\/strong><\/p>\t\t\t\t\t\t\t\t<\/div>\n\t\t\t\t<\/div>\n\t\t\t\t<div class=\"elementor-element elementor-element-f59ba02 elementor-widget elementor-widget-text-editor\" data-id=\"f59ba02\" data-element_type=\"widget\" data-widget_type=\"text-editor.default\">\n\t\t\t\t<div class=\"elementor-widget-container\">\n\t\t\t\t\t\t\t\t\t<p>Reserva con antelaci\u00f3n<\/p>\t\t\t\t\t\t\t\t<\/div>\n\t\t\t\t<\/div>\n\t\t\t\t<div class=\"elementor-element elementor-element-68740ab elementor-widget elementor-widget-text-editor\" data-id=\"68740ab\" data-element_type=\"widget\" data-widget_type=\"text-editor.default\">\n\t\t\t\t<div class=\"elementor-widget-container\">\n\t\t\t\t\t\t\t\t\t<p><strong>Algunas fechas se ocupan con rapidez, especialmente en \u00e9pocas de eventos. <\/strong><br \/>Si tu solicitud es cercana, igualmente puedes consultarme: har\u00e9 lo posible por adaptarme a ti.<\/p>\t\t\t\t\t\t\t\t<\/div>\n\t\t\t\t<\/div>\n\t\t\t\t<\/div>\n\t\t<div class=\"elementor-element elementor-element-14d1047 e-con-full e-flex e-con e-child\" data-id=\"14d1047\" data-element_type=\"container\">\n\t\t\t\t<div class=\"elementor-element elementor-element-f426b17 elementor-widget elementor-widget-image\" data-id=\"f426b17\" data-element_type=\"widget\" data-widget_type=\"image.default\">\n\t\t\t\t<div class=\"elementor-widget-container\">\n\t\t\t\t\t\t\t\t\t\t\t\t\t\t\t<img fetchpriority=\"high\" decoding=\"async\" width=\"400\" height=\"400\" src=\"https:\/\/lezamaasesores.com\/sanz\/wp-content\/uploads\/2025\/11\/javier-sanz.png\" class=\"attachment-full size-full wp-image-4695\" alt=\"\" srcset=\"https:\/\/lezamaasesores.com\/sanz\/wp-content\/uploads\/2025\/11\/javier-sanz.png 400w, https:\/\/lezamaasesores.com\/sanz\/wp-content\/uploads\/2025\/11\/javier-sanz-300x300.png 300w, https:\/\/lezamaasesores.com\/sanz\/wp-content\/uploads\/2025\/11\/javier-sanz-150x150.png 150w\" sizes=\"(max-width: 400px) 100vw, 400px\" \/>\t\t\t\t\t\t\t\t\t\t\t\t\t\t\t<\/div>\n\t\t\t\t<\/div>\n\t\t\t\t<div class=\"elementor-element elementor-element-a215fc1 elementor-widget elementor-widget-text-editor\" data-id=\"a215fc1\" data-element_type=\"widget\" data-widget_type=\"text-editor.default\">\n\t\t\t\t<div class=\"elementor-widget-container\">\n\t\t\t\t\t\t\t\t\t<p>\u00bfAlguna pregunta?<\/p><p>Aqu\u00ed estoy para ayudarte<\/p>\t\t\t\t\t\t\t\t<\/div>\n\t\t\t\t<\/div>\n\t\t\t\t<div class=\"elementor-element elementor-element-f2845da elementor-align-center elementor-widget elementor-widget-elementskit-button\" data-id=\"f2845da\" data-element_type=\"widget\" data-widget_type=\"elementskit-button.default\">\n\t\t\t\t<div class=\"elementor-widget-container\">\n\t\t\t\t\t<div class=\"ekit-wid-con\" >\t\t<div class=\"ekit-btn-wraper\">\n\t\t\t\t\t\t\t<a href=\"https:\/\/api.whatsapp.com\/send\/?phone=34661525295&#038;text=Buenos+d\u00edas,+necesito+informaci%C3%B3n&#038;type=phone_number&#038;app_absent=0\" target=\"_blank\" class=\"elementskit-btn  whitespace--normal\" id=\"\">\n\t\t\t\t\tHablar por whatsapp\t\t\t\t<\/a>\n\t\t\t\t\t<\/div>\n        <\/div>\t\t\t\t<\/div>\n\t\t\t\t<\/div>\n\t\t\t\t<div class=\"elementor-element elementor-element-662b7f3 elementor-widget__width-initial elementor-widget elementor-widget-text-editor\" data-id=\"662b7f3\" data-element_type=\"widget\" data-widget_type=\"text-editor.default\">\n\t\t\t\t<div class=\"elementor-widget-container\">\n\t\t\t\t\t\t\t\t\t<p>Tiempo de respuesta r\u00e1pido<\/p>\t\t\t\t\t\t\t\t<\/div>\n\t\t\t\t<\/div>\n\t\t\t\t<div class=\"elementor-element elementor-element-d364e7b elementor-align-center elementor-widget elementor-widget-elementskit-button\" data-id=\"d364e7b\" data-element_type=\"widget\" data-widget_type=\"elementskit-button.default\">\n\t\t\t\t<div class=\"elementor-widget-container\">\n\t\t\t\t\t<div class=\"ekit-wid-con\" >\t\t<div class=\"ekit-btn-wraper\">\n\t\t\t\t\t\t\t<a href=\"tel:+34%20661%2052%2052%2095\" target=\"_blank\" class=\"elementskit-btn  whitespace--normal\" id=\"\">\n\t\t\t\t\tLl\u00e1mame: +34 661 52 52 95\t\t\t\t<\/a>\n\t\t\t\t\t<\/div>\n        <\/div>\t\t\t\t<\/div>\n\t\t\t\t<\/div>\n\t\t\t\t<div class=\"elementor-element elementor-element-57370d4 elementor-widget__width-initial elementor-widget elementor-widget-text-editor\" data-id=\"57370d4\" data-element_type=\"widget\" data-widget_type=\"text-editor.default\">\n\t\t\t\t<div class=\"elementor-widget-container\">\n\t\t\t\t\t\t\t\t\t<p>Y comentamos tus dudas<\/p>\t\t\t\t\t\t\t\t<\/div>\n\t\t\t\t<\/div>\n\t\t\t\t<div class=\"elementor-element elementor-element-68051f3 elementor-widget elementor-widget-text-editor\" data-id=\"68051f3\" data-element_type=\"widget\" data-widget_type=\"text-editor.default\">\n\t\t\t\t<div class=\"elementor-widget-container\">\n\t\t\t\t\t\t\t\t\t<p>Presupuesto gratuito en 1 minuto<\/p>\t\t\t\t\t\t\t\t<\/div>\n\t\t\t\t<\/div>\n\t\t\t\t<div class=\"elementor-element elementor-element-f154ca2 elementor-align-center elementor-widget elementor-widget-elementskit-button\" data-id=\"f154ca2\" data-element_type=\"widget\" data-widget_type=\"elementskit-button.default\">\n\t\t\t\t<div class=\"elementor-widget-container\">\n\t\t\t\t\t<div class=\"ekit-wid-con\" >\t\t<div class=\"ekit-btn-wraper\">\n\t\t\t\t\t\t\t<a href=\"https:\/\/lezamaasesores.com\/sanz\/prespuesto\/\" class=\"elementskit-btn  whitespace--normal\" id=\"\">\n\t\t\t\t\tSolicitar presupuesto\t\t\t\t<\/a>\n\t\t\t\t\t<\/div>\n        <\/div>\t\t\t\t<\/div>\n\t\t\t\t<\/div>\n\t\t\t\t<\/div>\n\t\t\t\t\t<\/div>\n\t\t\t\t<\/div>\n\t\t<div class=\"elementor-element elementor-element-a29544c e-flex e-con-boxed e-con e-parent\" data-id=\"a29544c\" data-element_type=\"container\">\n\t\t\t\t\t<div class=\"e-con-inner\">\n\t\t<div class=\"elementor-element elementor-element-2070d15 e-con-full e-flex e-con e-child\" data-id=\"2070d15\" data-element_type=\"container\">\n\t\t\t\t<div class=\"elementor-element elementor-element-56ed401 elementor-widget elementor-widget-text-editor\" data-id=\"56ed401\" data-element_type=\"widget\" data-widget_type=\"text-editor.default\">\n\t\t\t\t<div class=\"elementor-widget-container\">\n\t\t\t\t\t\t\t\t\t<p>\u00c1rea de actuaci\u00f3n<\/p>\t\t\t\t\t\t\t\t<\/div>\n\t\t\t\t<\/div>\n\t\t\t\t<div class=\"elementor-element elementor-element-acf7ad9 elementor-widget elementor-widget-text-editor\" data-id=\"acf7ad9\" data-element_type=\"widget\" data-widget_type=\"text-editor.default\">\n\t\t\t\t<div class=\"elementor-widget-container\">\n\t\t\t\t\t\t\t\t\t<p><strong>Habitualmente ofrezco mis servicios de Chef privado en Burgos, \u00c1lava, Guip\u00fazcoa, Vizcaya y La Rioja.<\/strong> Pero siempre me ha gustado viajar&#8230; Cons\u00faltame sin compromiso.<\/p>\t\t\t\t\t\t\t\t<\/div>\n\t\t\t\t<\/div>\n\t\t\t\t<div class=\"elementor-element elementor-element-effe014 elementor-widget elementor-widget-text-editor\" data-id=\"effe014\" data-element_type=\"widget\" data-widget_type=\"text-editor.default\">\n\t\t\t\t<div class=\"elementor-widget-container\">\n\t\t\t\t\t\t\t\t\t<iframe style=\"width: 100%; max-width: none; height: 260px; border: 0; border-radius: 21px; overflow: hidden;\" src=\"https:\/\/www.google.com\/maps\/embed?pb=!1m14!1m12!1m3!1d748204.5382163265!2d-3.043982580211124!3d42.900824860741054!2m3!1f0!2f0!3f0!3m2!1i1024!2i768!4f13.1!5e0!3m2!1ses!2ses!4v1764092315090!5m2!1ses!2ses\" allowfullscreen=\"allowfullscreen\"><span data-mce-type=\"bookmark\" style=\"display: inline-block; width: 0px; overflow: hidden; line-height: 0;\" class=\"mce_SELRES_start\">\ufeff<\/span>\n<\/iframe>\t\t\t\t\t\t\t\t<\/div>\n\t\t\t\t<\/div>\n\t\t\t\t<\/div>\n\t\t<div class=\"elementor-element elementor-element-7d26cdb e-con-full e-flex e-con e-child\" data-id=\"7d26cdb\" data-element_type=\"container\">\n\t\t\t\t<div class=\"elementor-element elementor-element-f2da20d elementor-widget elementor-widget-text-editor\" data-id=\"f2da20d\" data-element_type=\"widget\" data-widget_type=\"text-editor.default\">\n\t\t\t\t<div class=\"elementor-widget-container\">\n\t\t\t\t\t\t\t\t\t<p>Oficina Central<\/p>\t\t\t\t\t\t\t\t<\/div>\n\t\t\t\t<\/div>\n\t\t\t\t<div class=\"elementor-element elementor-element-469d6bc elementor-widget elementor-widget-text-editor\" data-id=\"469d6bc\" data-element_type=\"widget\" data-widget_type=\"text-editor.default\">\n\t\t\t\t<div class=\"elementor-widget-container\">\n\t\t\t\t\t\t\t\t\t<p>MIranda de Ebro, Burgos<\/p>\t\t\t\t\t\t\t\t<\/div>\n\t\t\t\t<\/div>\n\t\t\t\t<div class=\"elementor-element elementor-element-6cbb344 elementor-widget elementor-widget-text-editor\" data-id=\"6cbb344\" data-element_type=\"widget\" data-widget_type=\"text-editor.default\">\n\t\t\t\t<div class=\"elementor-widget-container\">\n\t\t\t\t\t\t\t\t\t<p>Tel\u00e9fono \/ Whatsapp<\/p>\t\t\t\t\t\t\t\t<\/div>\n\t\t\t\t<\/div>\n\t\t\t\t<div class=\"elementor-element elementor-element-aa58699 elementor-widget elementor-widget-text-editor\" data-id=\"aa58699\" data-element_type=\"widget\" data-widget_type=\"text-editor.default\">\n\t\t\t\t<div class=\"elementor-widget-container\">\n\t\t\t\t\t\t\t\t\t<p>+34 661 52 52 95<\/p>\t\t\t\t\t\t\t\t<\/div>\n\t\t\t\t<\/div>\n\t\t\t\t<div class=\"elementor-element elementor-element-cff3278 elementor-widget elementor-widget-text-editor\" data-id=\"cff3278\" data-element_type=\"widget\" data-widget_type=\"text-editor.default\">\n\t\t\t\t<div class=\"elementor-widget-container\">\n\t\t\t\t\t\t\t\t\t<p>Email<\/p>\t\t\t\t\t\t\t\t<\/div>\n\t\t\t\t<\/div>\n\t\t\t\t<div class=\"elementor-element elementor-element-8ca77c8 elementor-widget elementor-widget-text-editor\" data-id=\"8ca77c8\" data-element_type=\"widget\" data-widget_type=\"text-editor.default\">\n\t\t\t\t<div class=\"elementor-widget-container\">\n\t\t\t\t\t\t\t\t\t<p>info@chefjaviersanz.com<\/p>\t\t\t\t\t\t\t\t<\/div>\n\t\t\t\t<\/div>\n\t\t\t\t<\/div>\n\t\t\t\t\t<\/div>\n\t\t\t\t<\/div>\n\t\t\t\t<\/div>\n\t\t","protected":false},"excerpt":{"rendered":"<p>Contacta conmigo sin compromiso Cada experiencia que ofrezco \u2014chef privado, show cooking, talleres o cursos\u2014 se dise\u00f1a de forma totalmente personalizada. Te atender\u00e9 personalmente para resolver dudas y ayudarte a crear exactamente lo que necesitas. Presupuesto ajustado a tu propuesta No existen precios est\u00e1ndar, porque no hay dos experiencias iguales. El presupuesto depender\u00e1 del tipo [&hellip;]<\/p>\n","protected":false},"author":1,"featured_media":0,"parent":0,"menu_order":0,"comment_status":"closed","ping_status":"closed","template":"","meta":{"footnotes":""},"class_list":["post-1853","page","type-page","status-publish","hentry"],"_links":{"self":[{"href":"https:\/\/lezamaasesores.com\/sanz\/wp-json\/wp\/v2\/pages\/1853","targetHints":{"allow":["GET"]}}],"collection":[{"href":"https:\/\/lezamaasesores.com\/sanz\/wp-json\/wp\/v2\/pages"}],"about":[{"href":"https:\/\/lezamaasesores.com\/sanz\/wp-json\/wp\/v2\/types\/page"}],"author":[{"embeddable":true,"href":"https:\/\/lezamaasesores.com\/sanz\/wp-json\/wp\/v2\/users\/1"}],"replies":[{"embeddable":true,"href":"https:\/\/lezamaasesores.com\/sanz\/wp-json\/wp\/v2\/comments?post=1853"}],"version-history":[{"count":45,"href":"https:\/\/lezamaasesores.com\/sanz\/wp-json\/wp\/v2\/pages\/1853\/revisions"}],"predecessor-version":[{"id":5443,"href":"https:\/\/lezamaasesores.com\/sanz\/wp-json\/wp\/v2\/pages\/1853\/revisions\/5443"}],"wp:attachment":[{"href":"https:\/\/lezamaasesores.com\/sanz\/wp-json\/wp\/v2\/media?parent=1853"}],"curies":[{"name":"wp","href":"https:\/\/api.w.org\/{rel}","templated":true}]}}