{"id":1105,"date":"2025-03-17T16:54:03","date_gmt":"2025-03-17T15:54:03","guid":{"rendered":"https:\/\/lezamaasesores.com\/grafitech\/?page_id=1105"},"modified":"2025-05-09T13:01:26","modified_gmt":"2025-05-09T11:01:26","slug":"quienes-somos","status":"publish","type":"page","link":"https:\/\/lezamaasesores.com\/grafitech\/quienes-somos\/","title":{"rendered":"Quienes somos"},"content":{"rendered":"\t\t<div data-elementor-type=\"wp-page\" data-elementor-id=\"1105\" class=\"elementor elementor-1105\" data-elementor-post-type=\"page\">\n\t\t\t\t<div class=\"elementor-element elementor-element-abf918c e-flex e-con-boxed e-con e-parent\" data-id=\"abf918c\" data-element_type=\"container\">\n\t\t\t\t\t<div class=\"e-con-inner\">\n\t\t\t\t<div class=\"elementor-element elementor-element-4ed61ef elementor-widget elementor-widget-text-editor\" data-id=\"4ed61ef\" data-element_type=\"widget\" data-widget_type=\"text-editor.default\">\n\t\t\t\t<div class=\"elementor-widget-container\">\n\t\t\t\t\t\t\t\t\t<p>Qui som<\/p>\t\t\t\t\t\t\t\t<\/div>\n\t\t\t\t<\/div>\n\t\t\t\t\t<\/div>\n\t\t\t\t<\/div>\n\t\t<div class=\"elementor-element elementor-element-dc18cc7 e-flex e-con-boxed e-con e-parent\" data-id=\"dc18cc7\" data-element_type=\"container\">\n\t\t\t\t\t<div class=\"e-con-inner\">\n\t\t<div class=\"elementor-element elementor-element-e09c5b2 e-con-full e-flex e-con e-child\" data-id=\"e09c5b2\" data-element_type=\"container\">\n\t\t\t\t<div class=\"elementor-element elementor-element-95bb875 elementor-widget elementor-widget-image\" data-id=\"95bb875\" data-element_type=\"widget\" data-widget_type=\"image.default\">\n\t\t\t\t<div class=\"elementor-widget-container\">\n\t\t\t\t\t\t\t\t\t\t\t\t\t\t\t<img fetchpriority=\"high\" decoding=\"async\" width=\"400\" height=\"265\" src=\"https:\/\/lezamaasesores.com\/grafitech\/wp-content\/uploads\/2025\/03\/grafitech-guillem-garcia.png\" class=\"attachment-full size-full wp-image-70\" alt=\"\" srcset=\"https:\/\/lezamaasesores.com\/grafitech\/wp-content\/uploads\/2025\/03\/grafitech-guillem-garcia.png 400w, https:\/\/lezamaasesores.com\/grafitech\/wp-content\/uploads\/2025\/03\/grafitech-guillem-garcia-300x199.png 300w\" sizes=\"(max-width: 400px) 100vw, 400px\" \/>\t\t\t\t\t\t\t\t\t\t\t\t\t\t\t<\/div>\n\t\t\t\t<\/div>\n\t\t\t\t<\/div>\n\t\t<div class=\"elementor-element elementor-element-1f3286d e-con-full e-flex e-con e-child\" data-id=\"1f3286d\" data-element_type=\"container\">\n\t\t<div class=\"elementor-element elementor-element-12108b3 e-con-full e-flex e-con e-child\" data-id=\"12108b3\" data-element_type=\"container\">\n\t\t<div class=\"elementor-element elementor-element-e52069d e-con-full e-flex e-con e-child\" data-id=\"e52069d\" data-element_type=\"container\">\n\t\t\t\t<div class=\"elementor-element elementor-element-661fe92 elementor-widget elementor-widget-text-editor\" data-id=\"661fe92\" data-element_type=\"widget\" data-widget_type=\"text-editor.default\">\n\t\t\t\t<div class=\"elementor-widget-container\">\n\t\t\t\t\t\t\t\t\t<p>Guillem Garcia<\/p>\t\t\t\t\t\t\t\t<\/div>\n\t\t\t\t<\/div>\n\t\t\t\t<\/div>\n\t\t\t\t<\/div>\n\t\t<div class=\"elementor-element elementor-element-6645996 e-con-full e-flex e-con e-child\" data-id=\"6645996\" data-element_type=\"container\">\n\t\t<div class=\"elementor-element elementor-element-e8651c2 e-con-full e-flex e-con e-child\" data-id=\"e8651c2\" data-element_type=\"container\">\n\t\t\t\t<div class=\"elementor-element elementor-element-7c4843e elementor-widget elementor-widget-text-editor\" data-id=\"7c4843e\" data-element_type=\"widget\" data-widget_type=\"text-editor.default\">\n\t\t\t\t<div class=\"elementor-widget-container\">\n\t\t\t\t\t\t\t\t\t<p><span style=\"font-weight: 400;\">Naix de la inquietud de <\/span><b>Guillem Garcia<\/b><span style=\"font-weight: 400;\"> per donar un servei integral i apropar a tot el m\u00f3n l&#8217;\u00fas pr\u00e0ctic d&#8217;elements gr\u00e0fics per a les seues empreses, projectes o aficions.<\/span><\/p><p><span style=\"font-weight: 400;\">Amb el pas del temps ha aconseguit anar abastant projectes de diferents clients fins al moment de poder llan\u00e7ar-se i dedicar-se al Disseny i la Gesti\u00f3 de projectes de forma plena.<\/span><\/p>\t\t\t\t\t\t\t\t<\/div>\n\t\t\t\t<\/div>\n\t\t\t\t<\/div>\n\t\t\t\t<\/div>\n\t\t<div class=\"elementor-element elementor-element-2412d2d e-con-full e-flex e-con e-child\" data-id=\"2412d2d\" data-element_type=\"container\">\n\t\t<div class=\"elementor-element elementor-element-5017062 e-con-full e-flex e-con e-child\" data-id=\"5017062\" data-element_type=\"container\">\n\t\t<div class=\"elementor-element elementor-element-9fb1b23 e-con-full e-flex e-con e-child\" data-id=\"9fb1b23\" data-element_type=\"container\" data-settings=\"{&quot;background_background&quot;:&quot;classic&quot;}\">\n\t\t\t\t<div class=\"elementor-element elementor-element-7764a63 elementor-widget elementor-widget-text-editor\" data-id=\"7764a63\" data-element_type=\"widget\" data-widget_type=\"text-editor.default\">\n\t\t\t\t<div class=\"elementor-widget-container\">\n\t\t\t\t\t\t\t\t\t<p>Experiencia<\/p>\t\t\t\t\t\t\t\t<\/div>\n\t\t\t\t<\/div>\n\t\t\t\t<div class=\"elementor-element elementor-element-7fefbd2 elementor-widget elementor-widget-text-editor\" data-id=\"7fefbd2\" data-element_type=\"widget\" data-widget_type=\"text-editor.default\">\n\t\t\t\t<div class=\"elementor-widget-container\">\n\t\t\t\t\t\t\t\t\t<p>Enginyer T\u00e8cnic Disseny Industrial | Universitat Jaume I<br \/>M\u00e0ster Creaci\u00f3 i Gesti\u00f3 d&#8217;Empreses Innovadores | Universitat de Valencia<br \/>Gesti\u00f3 de projectes | Universitat Nacional d&#8217;Educaci\u00f3 a Dist\u00e0ncia<\/p>\t\t\t\t\t\t\t\t<\/div>\n\t\t\t\t<\/div>\n\t\t\t\t<\/div>\n\t\t\t\t<\/div>\n\t\t\t\t<\/div>\n\t\t\t\t<\/div>\n\t\t\t\t\t<\/div>\n\t\t\t\t<\/div>\n\t\t<div class=\"elementor-element elementor-element-437a292 e-flex e-con-boxed e-con e-parent\" data-id=\"437a292\" data-element_type=\"container\">\n\t\t\t\t\t<div class=\"e-con-inner\">\n\t\t<div class=\"elementor-element elementor-element-35dbe49 e-con-full e-flex e-con e-child\" data-id=\"35dbe49\" data-element_type=\"container\">\n\t\t<div class=\"elementor-element elementor-element-5e605fd e-con-full e-flex e-con e-child\" data-id=\"5e605fd\" data-element_type=\"container\" data-settings=\"{&quot;background_background&quot;:&quot;classic&quot;}\">\n\t\t\t\t<div class=\"elementor-element elementor-element-d0aa6bf elementor-widget elementor-widget-elementskit-tab\" data-id=\"d0aa6bf\" data-element_type=\"widget\" data-widget_type=\"elementskit-tab.default\">\n\t\t\t\t<div class=\"elementor-widget-container\">\n\t\t\t\t\t<div class=\"ekit-wid-con\" >        <div class=\"elementkit-tab-wraper   elementskit-fitcontent-tab \">\n            <ul class=\"nav nav-tabs elementkit-tab-nav \">\n                                    <li class=\"elementkit-nav-item elementor-repeater-item-b489886\">\n                        <a class=\"elementkit-nav-link  active left-pos\" id=\"content-b48988669fa08130b18f-tab\" data-ekit-handler-id=\"missi-\" data-ekit-toggle=\"tab\" data-target=\"#content-b48988669fa08130b18f\" href=\"#content-b48988669fa08130b18f\"\n                            data-ekit-toggle-trigger=\"click\"\n                            aria-describedby=\"content-b48988669fa08130b18f\">\n                                                        <div class=\"ekit-tab-title-group\">\n                                                                <span class=\"elementskit-tab-title\">Missi\u00f3<\/span>\n                            <\/div>\n                        <\/a>\n                    <\/li>\n                                        <li class=\"elementkit-nav-item elementor-repeater-item-0d23ee6\">\n                        <a class=\"elementkit-nav-link  left-pos\" id=\"content-0d23ee669fa08130b18f-tab\" data-ekit-handler-id=\"visi-\" data-ekit-toggle=\"tab\" data-target=\"#content-0d23ee669fa08130b18f\" href=\"#content-0d23ee669fa08130b18f\"\n                            data-ekit-toggle-trigger=\"click\"\n                            aria-describedby=\"content-0d23ee669fa08130b18f\">\n                                                        <div class=\"ekit-tab-title-group\">\n                                                                <span class=\"elementskit-tab-title\">Visi\u00f3<\/span>\n                            <\/div>\n                        <\/a>\n                    <\/li>\n                                <\/ul>\n\n            <div class=\"tab-content elementkit-tab-content\">\n                                    <div class=\"tab-pane elementkit-tab-pane elementor-repeater-item-b489886  active show\" id=\"content-b48988669fa08130b18f\" role=\"tabpanel\"\n                         aria-labelledby=\"content-b48988669fa08130b18f-tab\">\n                        <div class=\"animated fadeIn\">\n                            \n\t\t<div class=\"widgetarea_warper widgetarea_warper_editable\" data-elementskit-widgetarea-key=\"d0aa6bf\"  data-elementskit-widgetarea-index=\"b489886\">\n\t\t\t<div class=\"widgetarea_warper_edit\" data-elementskit-widgetarea-key=\"d0aa6bf\" data-elementskit-widgetarea-index=\"b489886\">\n\t\t\t\t<i class=\"eicon-edit\" aria-hidden=\"true\"><\/i>\n\t\t\t\t<span>Editar el contenido<\/span>\n\t\t\t<\/div>\n\n\t\t\t\t\t\t\t\t<div class=\"ekit-widget-area-container\">\n\t\t\t\t\t\t\t<div data-elementor-type=\"wp-post\" data-elementor-id=\"1116\" class=\"elementor elementor-1116\" data-elementor-post-type=\"elementskit_content\">\n\t\t\t\t<div class=\"elementor-element elementor-element-34374fe e-con-full e-flex e-con e-parent\" data-id=\"34374fe\" data-element_type=\"container\">\n\t\t\t\t<div class=\"elementor-element elementor-element-1f09801 elementor-widget elementor-widget-text-editor\" data-id=\"1f09801\" data-element_type=\"widget\" data-widget_type=\"text-editor.default\">\n\t\t\t\t<div class=\"elementor-widget-container\">\n\t\t\t\t\t\t\t\t\t<p>La nostra missi\u00f3 a Grafitech \u00e9s democratitzar el disseny gr\u00e0fic, brindant solucions creatives i assessorament t\u00e8cnic a persones i empreses de totes les mides. Volem ser el pont entre la visi\u00f3 dels nostres clients i la materialitzaci\u00f3 de les vostres idees a trav\u00e9s de dissenys impactants i funcionals.<\/p>\t\t\t\t\t\t\t\t<\/div>\n\t\t\t\t<\/div>\n\t\t\t\t<\/div>\n\t\t\t\t<\/div>\n\t\t\t\t\t\t\t<\/div>\n\t\t\t\t\t\t<\/div>\n\t\t                        <\/div>\n                    <\/div>\n                                    <div class=\"tab-pane elementkit-tab-pane elementor-repeater-item-0d23ee6 \" id=\"content-0d23ee669fa08130b18f\" role=\"tabpanel\"\n                         aria-labelledby=\"content-0d23ee669fa08130b18f-tab\">\n                        <div class=\"animated fadeIn\">\n                            \n\t\t<div class=\"widgetarea_warper widgetarea_warper_editable\" data-elementskit-widgetarea-key=\"d0aa6bf\"  data-elementskit-widgetarea-index=\"0d23ee6\">\n\t\t\t<div class=\"widgetarea_warper_edit\" data-elementskit-widgetarea-key=\"d0aa6bf\" data-elementskit-widgetarea-index=\"0d23ee6\">\n\t\t\t\t<i class=\"eicon-edit\" aria-hidden=\"true\"><\/i>\n\t\t\t\t<span>Editar el contenido<\/span>\n\t\t\t<\/div>\n\n\t\t\t\t\t\t\t\t<div class=\"ekit-widget-area-container\">\n\t\t\t\t\t\t\t<div data-elementor-type=\"wp-post\" data-elementor-id=\"1120\" class=\"elementor elementor-1120\" data-elementor-post-type=\"elementskit_content\">\n\t\t\t\t<div class=\"elementor-element elementor-element-2111e12 e-con-full e-flex e-con e-parent\" data-id=\"2111e12\" data-element_type=\"container\">\n\t\t\t\t<div class=\"elementor-element elementor-element-e5a3a2d elementor-widget elementor-widget-text-editor\" data-id=\"e5a3a2d\" data-element_type=\"widget\" data-widget_type=\"text-editor.default\">\n\t\t\t\t<div class=\"elementor-widget-container\">\n\t\t\t\t\t\t\t\t\t<p>Ens visualitzem com a l\u00edders al mercat del disseny gr\u00e0fic, sent reconeguts per la nostra creativitat, innovaci\u00f3 i comprom\u00eds amb l&#8217;excel\u00b7l\u00e8ncia.<br \/>Volem ser la primera opci\u00f3 per a empreses que busquen solucions visuals impactants i assessorament t\u00e8cnic. A m\u00e9s, aspirem a construir una comunitat col\u00b7laborativa de dissenyadors, clients i experts que inspiren i transformen la manera com es percep el disseny en el m\u00f3n empresarial.<\/p>\t\t\t\t\t\t\t\t<\/div>\n\t\t\t\t<\/div>\n\t\t\t\t<\/div>\n\t\t\t\t<\/div>\n\t\t\t\t\t\t\t<\/div>\n\t\t\t\t\t\t<\/div>\n\t\t                        <\/div>\n                    <\/div>\n                            <\/div>\n        <\/div>\n    <\/div>\t\t\t\t<\/div>\n\t\t\t\t<\/div>\n\t\t\t\t<\/div>\n\t\t\t\t<\/div>\n\t\t\t\t\t<\/div>\n\t\t\t\t<\/div>\n\t\t\t\t<\/div>\n\t\t","protected":false},"excerpt":{"rendered":"<p>Qui som Guillem Garcia Naix de la inquietud de Guillem Garcia per donar un servei integral i apropar a tot el m\u00f3n l&#8217;\u00fas pr\u00e0ctic d&#8217;elements gr\u00e0fics per a les seues empreses, projectes o aficions. Amb el pas del temps ha aconseguit anar abastant projectes de diferents clients fins al moment de poder llan\u00e7ar-se i dedicar-se [&hellip;]<\/p>\n","protected":false},"author":1,"featured_media":0,"parent":0,"menu_order":0,"comment_status":"closed","ping_status":"closed","template":"","meta":{"footnotes":""},"class_list":["post-1105","page","type-page","status-publish","hentry"],"_links":{"self":[{"href":"https:\/\/lezamaasesores.com\/grafitech\/wp-json\/wp\/v2\/pages\/1105","targetHints":{"allow":["GET"]}}],"collection":[{"href":"https:\/\/lezamaasesores.com\/grafitech\/wp-json\/wp\/v2\/pages"}],"about":[{"href":"https:\/\/lezamaasesores.com\/grafitech\/wp-json\/wp\/v2\/types\/page"}],"author":[{"embeddable":true,"href":"https:\/\/lezamaasesores.com\/grafitech\/wp-json\/wp\/v2\/users\/1"}],"replies":[{"embeddable":true,"href":"https:\/\/lezamaasesores.com\/grafitech\/wp-json\/wp\/v2\/comments?post=1105"}],"version-history":[{"count":22,"href":"https:\/\/lezamaasesores.com\/grafitech\/wp-json\/wp\/v2\/pages\/1105\/revisions"}],"predecessor-version":[{"id":1368,"href":"https:\/\/lezamaasesores.com\/grafitech\/wp-json\/wp\/v2\/pages\/1105\/revisions\/1368"}],"wp:attachment":[{"href":"https:\/\/lezamaasesores.com\/grafitech\/wp-json\/wp\/v2\/media?parent=1105"}],"curies":[{"name":"wp","href":"https:\/\/api.w.org\/{rel}","templated":true}]}}