{"id":5531,"date":"2025-01-30T20:40:16","date_gmt":"2025-01-30T19:40:16","guid":{"rendered":"https:\/\/lezamaasesores.com\/cantavella\/producto\/283\/"},"modified":"2025-02-04T19:29:07","modified_gmt":"2025-02-04T18:29:07","slug":"283","status":"publish","type":"product","link":"https:\/\/lezamaasesores.com\/cantavella\/producto\/283\/","title":{"rendered":"283"},"content":{"rendered":"<p>Zapatilla de se\u00f1ora cerrada de licra y rejilla con velcro para mayor comodidad en el d\u00eda a d\u00eda.<\/p>\n<p>Material: LICRA<\/p>\n","protected":false},"excerpt":{"rendered":"<p>Zapatilla velcro rejilla. RODEVIL<br \/>\nMaterial: LICRA<\/p>\n","protected":false},"featured_media":4778,"comment_status":"closed","ping_status":"closed","template":"","meta":[],"product_brand":[],"product_cat":[752,753,778,15],"product_tag":[566,623],"class_list":{"0":"post-5531","1":"product","2":"type-product","3":"status-publish","4":"has-post-thumbnail","6":"product_cat-mujer","7":"product_cat-para-calle","8":"product_cat-para-calle-2","9":"product_cat-sin-categorizar","10":"product_tag-ancho-especial","11":"product_tag-velcro","12":"pa_color-marino","13":"pa_talla-587","14":"pa_talla-588","15":"pa_talla-589","16":"pa_talla-560","17":"pa_talla-570","18":"pa_talla-571","20":"first","21":"instock","22":"taxable","23":"shipping-taxable","24":"purchasable","25":"product-type-variable"},"_links":{"self":[{"href":"https:\/\/lezamaasesores.com\/cantavella\/wp-json\/wp\/v2\/product\/5531","targetHints":{"allow":["GET"]}}],"collection":[{"href":"https:\/\/lezamaasesores.com\/cantavella\/wp-json\/wp\/v2\/product"}],"about":[{"href":"https:\/\/lezamaasesores.com\/cantavella\/wp-json\/wp\/v2\/types\/product"}],"replies":[{"embeddable":true,"href":"https:\/\/lezamaasesores.com\/cantavella\/wp-json\/wp\/v2\/comments?post=5531"}],"wp:featuredmedia":[{"embeddable":true,"href":"https:\/\/lezamaasesores.com\/cantavella\/wp-json\/wp\/v2\/media\/4778"}],"wp:attachment":[{"href":"https:\/\/lezamaasesores.com\/cantavella\/wp-json\/wp\/v2\/media?parent=5531"}],"wp:term":[{"taxonomy":"product_brand","embeddable":true,"href":"https:\/\/lezamaasesores.com\/cantavella\/wp-json\/wp\/v2\/product_brand?post=5531"},{"taxonomy":"product_cat","embeddable":true,"href":"https:\/\/lezamaasesores.com\/cantavella\/wp-json\/wp\/v2\/product_cat?post=5531"},{"taxonomy":"product_tag","embeddable":true,"href":"https:\/\/lezamaasesores.com\/cantavella\/wp-json\/wp\/v2\/product_tag?post=5531"}],"curies":[{"name":"wp","href":"https:\/\/api.w.org\/{rel}","templated":true}]}}