{"id":1460,"date":"2025-04-09T15:40:13","date_gmt":"2025-04-09T13:40:13","guid":{"rendered":"https:\/\/lezamaasesores.com\/cabanero\/?page_id=1460"},"modified":"2025-04-09T16:07:11","modified_gmt":"2025-04-09T14:07:11","slug":"galeria","status":"publish","type":"page","link":"https:\/\/lezamaasesores.com\/cabanero\/galeria\/","title":{"rendered":"GALER\u00cdA"},"content":{"rendered":"\t\t<div data-elementor-type=\"wp-page\" data-elementor-id=\"1460\" class=\"elementor elementor-1460\" data-elementor-post-type=\"page\">\n\t\t\t\t<div class=\"elementor-element elementor-element-827531b e-flex e-con-boxed e-con e-parent\" data-id=\"827531b\" data-element_type=\"container\" data-settings=\"{&quot;background_background&quot;:&quot;classic&quot;}\">\n\t\t\t\t\t<div class=\"e-con-inner\">\n\t\t\t\t<div class=\"elementor-element elementor-element-842ae45 elementor-widget elementor-widget-text-editor\" data-id=\"842ae45\" data-element_type=\"widget\" data-widget_type=\"text-editor.default\">\n\t\t\t\t<div class=\"elementor-widget-container\">\n\t\t\t\t\t\t\t\t\t<p>GALER\u00cdA<\/p>\t\t\t\t\t\t\t\t<\/div>\n\t\t\t\t<\/div>\n\t\t\t\t\t<\/div>\n\t\t\t\t<\/div>\n\t\t<div class=\"elementor-element elementor-element-d19ea6e e-flex e-con-boxed e-con e-parent\" data-id=\"d19ea6e\" data-element_type=\"container\" data-settings=\"{&quot;background_background&quot;:&quot;classic&quot;}\">\n\t\t\t\t\t<div class=\"e-con-inner\">\n\t\t<div class=\"elementor-element elementor-element-b11d990 e-con-full e-flex e-con e-child\" data-id=\"b11d990\" data-element_type=\"container\">\n\t\t\t\t<div class=\"elementor-element elementor-element-83fca92 elementor-widget elementor-widget-image\" data-id=\"83fca92\" data-element_type=\"widget\" data-widget_type=\"image.default\">\n\t\t\t\t<div class=\"elementor-widget-container\">\n\t\t\t\t\t\t\t\t\t\t\t\t\t\t\t\t<a href=\"https:\/\/lezamaasesores.com\/cabanero\/wp-content\/uploads\/2025\/04\/DSDS.jpg\" data-elementor-open-lightbox=\"yes\" data-elementor-lightbox-title=\"DSDS\" data-e-action-hash=\"#elementor-action%3Aaction%3Dlightbox%26settings%3DeyJpZCI6MTM5MCwidXJsIjoiaHR0cHM6XC9cL2xlemFtYWFzZXNvcmVzLmNvbVwvY2FiYW5lcm9cL3dwLWNvbnRlbnRcL3VwbG9hZHNcLzIwMjVcLzA0XC9EU0RTLmpwZyJ9\">\n\t\t\t\t\t\t\t<img fetchpriority=\"high\" decoding=\"async\" width=\"717\" height=\"931\" src=\"https:\/\/lezamaasesores.com\/cabanero\/wp-content\/uploads\/2025\/04\/DSDS.jpg\" class=\"attachment-full size-full wp-image-1390\" alt=\"\" srcset=\"https:\/\/lezamaasesores.com\/cabanero\/wp-content\/uploads\/2025\/04\/DSDS.jpg 717w, https:\/\/lezamaasesores.com\/cabanero\/wp-content\/uploads\/2025\/04\/DSDS-231x300.jpg 231w\" sizes=\"(max-width: 717px) 100vw, 717px\" \/>\t\t\t\t\t\t\t\t<\/a>\n\t\t\t\t\t\t\t\t\t\t\t\t\t\t\t<\/div>\n\t\t\t\t<\/div>\n\t\t\t\t<div class=\"elementor-element elementor-element-2a2bab9 elementor-widget elementor-widget-text-editor\" data-id=\"2a2bab9\" data-element_type=\"widget\" data-widget_type=\"text-editor.default\">\n\t\t\t\t<div class=\"elementor-widget-container\">\n\t\t\t\t\t\t\t\t\t<p>Estilo 1<\/p>\t\t\t\t\t\t\t\t<\/div>\n\t\t\t\t<\/div>\n\t\t\t\t<\/div>\n\t\t<div class=\"elementor-element elementor-element-4be0a0d e-con-full e-flex e-con e-child\" data-id=\"4be0a0d\" data-element_type=\"container\">\n\t\t\t\t<div class=\"elementor-element elementor-element-02f1fd9 elementor-widget elementor-widget-image\" data-id=\"02f1fd9\" data-element_type=\"widget\" data-widget_type=\"image.default\">\n\t\t\t\t<div class=\"elementor-widget-container\">\n\t\t\t\t\t\t\t\t\t\t\t\t\t\t\t\t<a href=\"https:\/\/lezamaasesores.com\/cabanero\/wp-content\/uploads\/2025\/04\/C3.jpg\" data-elementor-open-lightbox=\"yes\" data-elementor-lightbox-title=\"C3\" data-e-action-hash=\"#elementor-action%3Aaction%3Dlightbox%26settings%3DeyJpZCI6MTMyNCwidXJsIjoiaHR0cHM6XC9cL2xlemFtYWFzZXNvcmVzLmNvbVwvY2FiYW5lcm9cL3dwLWNvbnRlbnRcL3VwbG9hZHNcLzIwMjVcLzA0XC9DMy5qcGcifQ%3D%3D\">\n\t\t\t\t\t\t\t<img decoding=\"async\" width=\"717\" height=\"931\" src=\"https:\/\/lezamaasesores.com\/cabanero\/wp-content\/uploads\/2025\/04\/C3.jpg\" class=\"attachment-full size-full wp-image-1324\" alt=\"\" srcset=\"https:\/\/lezamaasesores.com\/cabanero\/wp-content\/uploads\/2025\/04\/C3.jpg 717w, https:\/\/lezamaasesores.com\/cabanero\/wp-content\/uploads\/2025\/04\/C3-231x300.jpg 231w\" sizes=\"(max-width: 717px) 100vw, 717px\" \/>\t\t\t\t\t\t\t\t<\/a>\n\t\t\t\t\t\t\t\t\t\t\t\t\t\t\t<\/div>\n\t\t\t\t<\/div>\n\t\t\t\t<div class=\"elementor-element elementor-element-c80ca99 elementor-widget elementor-widget-text-editor\" data-id=\"c80ca99\" data-element_type=\"widget\" data-widget_type=\"text-editor.default\">\n\t\t\t\t<div class=\"elementor-widget-container\">\n\t\t\t\t\t\t\t\t\t<p>Estilo 1<\/p>\t\t\t\t\t\t\t\t<\/div>\n\t\t\t\t<\/div>\n\t\t\t\t<\/div>\n\t\t<div class=\"elementor-element elementor-element-184d307 e-con-full e-flex e-con e-child\" data-id=\"184d307\" data-element_type=\"container\">\n\t\t\t\t<div class=\"elementor-element elementor-element-54bf295 elementor-widget elementor-widget-image\" data-id=\"54bf295\" data-element_type=\"widget\" data-widget_type=\"image.default\">\n\t\t\t\t<div class=\"elementor-widget-container\">\n\t\t\t\t\t\t\t\t\t\t\t\t\t\t\t\t<a href=\"https:\/\/lezamaasesores.com\/cabanero\/wp-content\/uploads\/2025\/03\/man.jpg\" data-elementor-open-lightbox=\"yes\" data-elementor-lightbox-title=\"man\" data-e-action-hash=\"#elementor-action%3Aaction%3Dlightbox%26settings%3DeyJpZCI6MTE3MCwidXJsIjoiaHR0cHM6XC9cL2xlemFtYWFzZXNvcmVzLmNvbVwvY2FiYW5lcm9cL3dwLWNvbnRlbnRcL3VwbG9hZHNcLzIwMjVcLzAzXC9tYW4uanBnIn0%3D\">\n\t\t\t\t\t\t\t<img decoding=\"async\" width=\"717\" height=\"931\" src=\"https:\/\/lezamaasesores.com\/cabanero\/wp-content\/uploads\/2025\/03\/man.jpg\" class=\"attachment-full size-full wp-image-1170\" alt=\"\" srcset=\"https:\/\/lezamaasesores.com\/cabanero\/wp-content\/uploads\/2025\/03\/man.jpg 717w, https:\/\/lezamaasesores.com\/cabanero\/wp-content\/uploads\/2025\/03\/man-231x300.jpg 231w\" sizes=\"(max-width: 717px) 100vw, 717px\" \/>\t\t\t\t\t\t\t\t<\/a>\n\t\t\t\t\t\t\t\t\t\t\t\t\t\t\t<\/div>\n\t\t\t\t<\/div>\n\t\t\t\t<div class=\"elementor-element elementor-element-a6522f6 elementor-widget elementor-widget-text-editor\" data-id=\"a6522f6\" data-element_type=\"widget\" data-widget_type=\"text-editor.default\">\n\t\t\t\t<div class=\"elementor-widget-container\">\n\t\t\t\t\t\t\t\t\t<p>Estilo 1<\/p>\t\t\t\t\t\t\t\t<\/div>\n\t\t\t\t<\/div>\n\t\t\t\t<\/div>\n\t\t<div class=\"elementor-element elementor-element-a73a2c7 e-con-full e-flex e-con e-child\" data-id=\"a73a2c7\" data-element_type=\"container\">\n\t\t\t\t<div class=\"elementor-element elementor-element-a8afcc0 elementor-widget elementor-widget-image\" data-id=\"a8afcc0\" data-element_type=\"widget\" data-widget_type=\"image.default\">\n\t\t\t\t<div class=\"elementor-widget-container\">\n\t\t\t\t\t\t\t\t\t\t\t\t\t\t\t\t<a href=\"https:\/\/lezamaasesores.com\/cabanero\/wp-content\/uploads\/2025\/04\/SASASA.jpg\" data-elementor-open-lightbox=\"yes\" data-elementor-lightbox-title=\"SASASA\" data-e-action-hash=\"#elementor-action%3Aaction%3Dlightbox%26settings%3DeyJpZCI6MTM4OSwidXJsIjoiaHR0cHM6XC9cL2xlemFtYWFzZXNvcmVzLmNvbVwvY2FiYW5lcm9cL3dwLWNvbnRlbnRcL3VwbG9hZHNcLzIwMjVcLzA0XC9TQVNBU0EuanBnIn0%3D\">\n\t\t\t\t\t\t\t<img loading=\"lazy\" decoding=\"async\" width=\"717\" height=\"931\" src=\"https:\/\/lezamaasesores.com\/cabanero\/wp-content\/uploads\/2025\/04\/SASASA.jpg\" class=\"attachment-full size-full wp-image-1389\" alt=\"\" srcset=\"https:\/\/lezamaasesores.com\/cabanero\/wp-content\/uploads\/2025\/04\/SASASA.jpg 717w, https:\/\/lezamaasesores.com\/cabanero\/wp-content\/uploads\/2025\/04\/SASASA-231x300.jpg 231w\" sizes=\"(max-width: 717px) 100vw, 717px\" \/>\t\t\t\t\t\t\t\t<\/a>\n\t\t\t\t\t\t\t\t\t\t\t\t\t\t\t<\/div>\n\t\t\t\t<\/div>\n\t\t\t\t<div class=\"elementor-element elementor-element-33e7d42 elementor-widget elementor-widget-text-editor\" data-id=\"33e7d42\" data-element_type=\"widget\" data-widget_type=\"text-editor.default\">\n\t\t\t\t<div class=\"elementor-widget-container\">\n\t\t\t\t\t\t\t\t\t<p>Estilo 1<\/p>\t\t\t\t\t\t\t\t<\/div>\n\t\t\t\t<\/div>\n\t\t\t\t<\/div>\n\t\t\t\t\t<\/div>\n\t\t\t\t<\/div>\n\t\t<div class=\"elementor-element elementor-element-b5fed26 e-flex e-con-boxed e-con e-parent\" data-id=\"b5fed26\" data-element_type=\"container\" data-settings=\"{&quot;background_background&quot;:&quot;classic&quot;}\">\n\t\t\t\t\t<div class=\"e-con-inner\">\n\t\t<div class=\"elementor-element elementor-element-4fbf05f e-con-full e-flex e-con e-child\" data-id=\"4fbf05f\" data-element_type=\"container\">\n\t\t\t\t<div class=\"elementor-element elementor-element-8b6fcbf elementor-widget elementor-widget-image\" data-id=\"8b6fcbf\" data-element_type=\"widget\" data-widget_type=\"image.default\">\n\t\t\t\t<div class=\"elementor-widget-container\">\n\t\t\t\t\t\t\t\t\t\t\t\t\t\t\t\t<a href=\"https:\/\/lezamaasesores.com\/cabanero\/wp-content\/uploads\/2025\/04\/DSDS.jpg\" data-elementor-open-lightbox=\"yes\" data-elementor-lightbox-title=\"DSDS\" data-e-action-hash=\"#elementor-action%3Aaction%3Dlightbox%26settings%3DeyJpZCI6MTM5MCwidXJsIjoiaHR0cHM6XC9cL2xlemFtYWFzZXNvcmVzLmNvbVwvY2FiYW5lcm9cL3dwLWNvbnRlbnRcL3VwbG9hZHNcLzIwMjVcLzA0XC9EU0RTLmpwZyJ9\">\n\t\t\t\t\t\t\t<img fetchpriority=\"high\" decoding=\"async\" width=\"717\" height=\"931\" src=\"https:\/\/lezamaasesores.com\/cabanero\/wp-content\/uploads\/2025\/04\/DSDS.jpg\" class=\"attachment-full size-full wp-image-1390\" alt=\"\" srcset=\"https:\/\/lezamaasesores.com\/cabanero\/wp-content\/uploads\/2025\/04\/DSDS.jpg 717w, https:\/\/lezamaasesores.com\/cabanero\/wp-content\/uploads\/2025\/04\/DSDS-231x300.jpg 231w\" sizes=\"(max-width: 717px) 100vw, 717px\" \/>\t\t\t\t\t\t\t\t<\/a>\n\t\t\t\t\t\t\t\t\t\t\t\t\t\t\t<\/div>\n\t\t\t\t<\/div>\n\t\t\t\t<div class=\"elementor-element elementor-element-c2e2188 elementor-widget elementor-widget-text-editor\" data-id=\"c2e2188\" data-element_type=\"widget\" data-widget_type=\"text-editor.default\">\n\t\t\t\t<div class=\"elementor-widget-container\">\n\t\t\t\t\t\t\t\t\t<p>Estilo 1<\/p>\t\t\t\t\t\t\t\t<\/div>\n\t\t\t\t<\/div>\n\t\t\t\t<div class=\"elementor-element elementor-element-553cbc4 elementor-widget elementor-widget-image\" data-id=\"553cbc4\" data-element_type=\"widget\" data-widget_type=\"image.default\">\n\t\t\t\t<div class=\"elementor-widget-container\">\n\t\t\t\t\t\t\t\t\t\t\t\t\t\t\t\t<a href=\"https:\/\/lezamaasesores.com\/cabanero\/wp-content\/uploads\/2025\/04\/SASASA.jpg\" data-elementor-open-lightbox=\"yes\" data-elementor-lightbox-title=\"SASASA\" data-e-action-hash=\"#elementor-action%3Aaction%3Dlightbox%26settings%3DeyJpZCI6MTM4OSwidXJsIjoiaHR0cHM6XC9cL2xlemFtYWFzZXNvcmVzLmNvbVwvY2FiYW5lcm9cL3dwLWNvbnRlbnRcL3VwbG9hZHNcLzIwMjVcLzA0XC9TQVNBU0EuanBnIn0%3D\">\n\t\t\t\t\t\t\t<img loading=\"lazy\" decoding=\"async\" width=\"717\" height=\"931\" src=\"https:\/\/lezamaasesores.com\/cabanero\/wp-content\/uploads\/2025\/04\/SASASA.jpg\" class=\"attachment-full size-full wp-image-1389\" alt=\"\" srcset=\"https:\/\/lezamaasesores.com\/cabanero\/wp-content\/uploads\/2025\/04\/SASASA.jpg 717w, https:\/\/lezamaasesores.com\/cabanero\/wp-content\/uploads\/2025\/04\/SASASA-231x300.jpg 231w\" sizes=\"(max-width: 717px) 100vw, 717px\" \/>\t\t\t\t\t\t\t\t<\/a>\n\t\t\t\t\t\t\t\t\t\t\t\t\t\t\t<\/div>\n\t\t\t\t<\/div>\n\t\t\t\t<div class=\"elementor-element elementor-element-c8e8d3e elementor-widget elementor-widget-text-editor\" data-id=\"c8e8d3e\" data-element_type=\"widget\" data-widget_type=\"text-editor.default\">\n\t\t\t\t<div class=\"elementor-widget-container\">\n\t\t\t\t\t\t\t\t\t<p>Estilo 1<\/p>\t\t\t\t\t\t\t\t<\/div>\n\t\t\t\t<\/div>\n\t\t\t\t<\/div>\n\t\t<div class=\"elementor-element elementor-element-8f4da4d e-con-full e-flex e-con e-child\" data-id=\"8f4da4d\" data-element_type=\"container\">\n\t\t\t\t<div class=\"elementor-element elementor-element-8820d13 elementor-widget elementor-widget-image\" data-id=\"8820d13\" data-element_type=\"widget\" data-widget_type=\"image.default\">\n\t\t\t\t<div class=\"elementor-widget-container\">\n\t\t\t\t\t\t\t\t\t\t\t\t\t\t\t\t<a href=\"https:\/\/lezamaasesores.com\/cabanero\/wp-content\/uploads\/2025\/03\/wom.jpg\" data-elementor-open-lightbox=\"yes\" data-elementor-lightbox-title=\"wom\" data-e-action-hash=\"#elementor-action%3Aaction%3Dlightbox%26settings%3DeyJpZCI6MTE2OSwidXJsIjoiaHR0cHM6XC9cL2xlemFtYWFzZXNvcmVzLmNvbVwvY2FiYW5lcm9cL3dwLWNvbnRlbnRcL3VwbG9hZHNcLzIwMjVcLzAzXC93b20uanBnIn0%3D\">\n\t\t\t\t\t\t\t<img loading=\"lazy\" decoding=\"async\" width=\"717\" height=\"931\" src=\"https:\/\/lezamaasesores.com\/cabanero\/wp-content\/uploads\/2025\/03\/wom.jpg\" class=\"attachment-full size-full wp-image-1169\" alt=\"\" srcset=\"https:\/\/lezamaasesores.com\/cabanero\/wp-content\/uploads\/2025\/03\/wom.jpg 717w, https:\/\/lezamaasesores.com\/cabanero\/wp-content\/uploads\/2025\/03\/wom-231x300.jpg 231w\" sizes=\"(max-width: 717px) 100vw, 717px\" \/>\t\t\t\t\t\t\t\t<\/a>\n\t\t\t\t\t\t\t\t\t\t\t\t\t\t\t<\/div>\n\t\t\t\t<\/div>\n\t\t\t\t<div class=\"elementor-element elementor-element-18d94e2 elementor-widget elementor-widget-text-editor\" data-id=\"18d94e2\" data-element_type=\"widget\" data-widget_type=\"text-editor.default\">\n\t\t\t\t<div class=\"elementor-widget-container\">\n\t\t\t\t\t\t\t\t\t<p>Estilo 1<\/p>\t\t\t\t\t\t\t\t<\/div>\n\t\t\t\t<\/div>\n\t\t\t\t<div class=\"elementor-element elementor-element-8d4fb93 elementor-widget elementor-widget-text-editor\" data-id=\"8d4fb93\" data-element_type=\"widget\" data-widget_type=\"text-editor.default\">\n\t\t\t\t<div class=\"elementor-widget-container\">\n\t\t\t\t\t\t\t\t\t<p>En la Secci\u00f3n Styling, la creatividad se pone al servicio de un estilo \u00fanico y actual. Nuestros expertos estilistas dise\u00f1an peinados y cortes a la medida que resaltan tus rasgos y personalidad, adapt\u00e1ndose a las \u00faltimas tendencias y t\u00e9cnicas para ofrecerte looks frescos y sofisticados.<\/p>\t\t\t\t\t\t\t\t<\/div>\n\t\t\t\t<\/div>\n\t\t\t\t<\/div>\n\t\t<div class=\"elementor-element elementor-element-4118253 e-con-full e-flex e-con e-child\" data-id=\"4118253\" data-element_type=\"container\">\n\t\t\t\t<div class=\"elementor-element elementor-element-cb2833f elementor-widget elementor-widget-image\" data-id=\"cb2833f\" data-element_type=\"widget\" data-widget_type=\"image.default\">\n\t\t\t\t<div class=\"elementor-widget-container\">\n\t\t\t\t\t\t\t\t\t\t\t\t\t\t\t\t<a href=\"https:\/\/lezamaasesores.com\/cabanero\/wp-content\/uploads\/2025\/04\/C3.jpg\" data-elementor-open-lightbox=\"yes\" data-elementor-lightbox-title=\"C3\" data-e-action-hash=\"#elementor-action%3Aaction%3Dlightbox%26settings%3DeyJpZCI6MTMyNCwidXJsIjoiaHR0cHM6XC9cL2xlemFtYWFzZXNvcmVzLmNvbVwvY2FiYW5lcm9cL3dwLWNvbnRlbnRcL3VwbG9hZHNcLzIwMjVcLzA0XC9DMy5qcGcifQ%3D%3D\">\n\t\t\t\t\t\t\t<img decoding=\"async\" width=\"717\" height=\"931\" src=\"https:\/\/lezamaasesores.com\/cabanero\/wp-content\/uploads\/2025\/04\/C3.jpg\" class=\"attachment-full size-full wp-image-1324\" alt=\"\" srcset=\"https:\/\/lezamaasesores.com\/cabanero\/wp-content\/uploads\/2025\/04\/C3.jpg 717w, https:\/\/lezamaasesores.com\/cabanero\/wp-content\/uploads\/2025\/04\/C3-231x300.jpg 231w\" sizes=\"(max-width: 717px) 100vw, 717px\" \/>\t\t\t\t\t\t\t\t<\/a>\n\t\t\t\t\t\t\t\t\t\t\t\t\t\t\t<\/div>\n\t\t\t\t<\/div>\n\t\t\t\t<div class=\"elementor-element elementor-element-e997b98 elementor-widget elementor-widget-text-editor\" data-id=\"e997b98\" data-element_type=\"widget\" data-widget_type=\"text-editor.default\">\n\t\t\t\t<div class=\"elementor-widget-container\">\n\t\t\t\t\t\t\t\t\t<p>Estilo 1<\/p>\t\t\t\t\t\t\t\t<\/div>\n\t\t\t\t<\/div>\n\t\t\t\t<\/div>\n\t\t\t\t\t<\/div>\n\t\t\t\t<\/div>\n\t\t<div class=\"elementor-element elementor-element-7ac71ee e-flex e-con-boxed e-con e-parent\" data-id=\"7ac71ee\" data-element_type=\"container\" data-settings=\"{&quot;background_background&quot;:&quot;classic&quot;}\">\n\t\t\t\t\t<div class=\"e-con-inner\">\n\t\t<div class=\"elementor-element elementor-element-d9b6266 e-con-full e-flex e-con e-child\" data-id=\"d9b6266\" data-element_type=\"container\">\n\t\t\t\t<div class=\"elementor-element elementor-element-d2973a5 elementor-widget elementor-widget-image\" data-id=\"d2973a5\" data-element_type=\"widget\" data-widget_type=\"image.default\">\n\t\t\t\t<div class=\"elementor-widget-container\">\n\t\t\t\t\t\t\t\t\t\t\t\t\t\t\t\t<a href=\"https:\/\/lezamaasesores.com\/cabanero\/wp-content\/uploads\/2025\/04\/C5.jpg\" data-elementor-open-lightbox=\"yes\" data-elementor-lightbox-title=\"C5\" data-e-action-hash=\"#elementor-action%3Aaction%3Dlightbox%26settings%3DeyJpZCI6MTMyMywidXJsIjoiaHR0cHM6XC9cL2xlemFtYWFzZXNvcmVzLmNvbVwvY2FiYW5lcm9cL3dwLWNvbnRlbnRcL3VwbG9hZHNcLzIwMjVcLzA0XC9DNS5qcGcifQ%3D%3D\">\n\t\t\t\t\t\t\t<img loading=\"lazy\" decoding=\"async\" width=\"717\" height=\"931\" src=\"https:\/\/lezamaasesores.com\/cabanero\/wp-content\/uploads\/2025\/04\/C5.jpg\" class=\"attachment-full size-full wp-image-1323\" alt=\"\" srcset=\"https:\/\/lezamaasesores.com\/cabanero\/wp-content\/uploads\/2025\/04\/C5.jpg 717w, https:\/\/lezamaasesores.com\/cabanero\/wp-content\/uploads\/2025\/04\/C5-231x300.jpg 231w\" sizes=\"(max-width: 717px) 100vw, 717px\" \/>\t\t\t\t\t\t\t\t<\/a>\n\t\t\t\t\t\t\t\t\t\t\t\t\t\t\t<\/div>\n\t\t\t\t<\/div>\n\t\t\t\t<div class=\"elementor-element elementor-element-bfe6b5b elementor-widget elementor-widget-text-editor\" data-id=\"bfe6b5b\" data-element_type=\"widget\" data-widget_type=\"text-editor.default\">\n\t\t\t\t<div class=\"elementor-widget-container\">\n\t\t\t\t\t\t\t\t\t<p>Estilo 1<\/p>\t\t\t\t\t\t\t\t<\/div>\n\t\t\t\t<\/div>\n\t\t\t\t<\/div>\n\t\t<div class=\"elementor-element elementor-element-bc60ba2 e-con-full e-flex e-con e-child\" data-id=\"bc60ba2\" data-element_type=\"container\">\n\t\t\t\t<div class=\"elementor-element elementor-element-a52df52 elementor-widget elementor-widget-image\" data-id=\"a52df52\" data-element_type=\"widget\" data-widget_type=\"image.default\">\n\t\t\t\t<div class=\"elementor-widget-container\">\n\t\t\t\t\t\t\t\t\t\t\t\t\t\t\t\t<a href=\"https:\/\/lezamaasesores.com\/cabanero\/wp-content\/uploads\/2025\/04\/SDSF.jpg\" data-elementor-open-lightbox=\"yes\" data-elementor-lightbox-title=\"SDSF\" data-e-action-hash=\"#elementor-action%3Aaction%3Dlightbox%26settings%3DeyJpZCI6MTM5MSwidXJsIjoiaHR0cHM6XC9cL2xlemFtYWFzZXNvcmVzLmNvbVwvY2FiYW5lcm9cL3dwLWNvbnRlbnRcL3VwbG9hZHNcLzIwMjVcLzA0XC9TRFNGLmpwZyJ9\">\n\t\t\t\t\t\t\t<img loading=\"lazy\" decoding=\"async\" width=\"717\" height=\"931\" src=\"https:\/\/lezamaasesores.com\/cabanero\/wp-content\/uploads\/2025\/04\/SDSF.jpg\" class=\"attachment-full size-full wp-image-1391\" alt=\"\" srcset=\"https:\/\/lezamaasesores.com\/cabanero\/wp-content\/uploads\/2025\/04\/SDSF.jpg 717w, https:\/\/lezamaasesores.com\/cabanero\/wp-content\/uploads\/2025\/04\/SDSF-231x300.jpg 231w\" sizes=\"(max-width: 717px) 100vw, 717px\" \/>\t\t\t\t\t\t\t\t<\/a>\n\t\t\t\t\t\t\t\t\t\t\t\t\t\t\t<\/div>\n\t\t\t\t<\/div>\n\t\t\t\t<div class=\"elementor-element elementor-element-f7ea301 elementor-widget elementor-widget-text-editor\" data-id=\"f7ea301\" data-element_type=\"widget\" data-widget_type=\"text-editor.default\">\n\t\t\t\t<div class=\"elementor-widget-container\">\n\t\t\t\t\t\t\t\t\t<p>Estilo 1<\/p>\t\t\t\t\t\t\t\t<\/div>\n\t\t\t\t<\/div>\n\t\t\t\t<\/div>\n\t\t<div class=\"elementor-element elementor-element-c42b06c e-con-full e-flex e-con e-child\" data-id=\"c42b06c\" data-element_type=\"container\">\n\t\t\t\t<div class=\"elementor-element elementor-element-c5034da elementor-widget elementor-widget-image\" data-id=\"c5034da\" data-element_type=\"widget\" data-widget_type=\"image.default\">\n\t\t\t\t<div class=\"elementor-widget-container\">\n\t\t\t\t\t\t\t\t\t\t\t\t\t\t\t\t<a href=\"https:\/\/lezamaasesores.com\/cabanero\/wp-content\/uploads\/2025\/04\/DFD.jpg\" data-elementor-open-lightbox=\"yes\" data-elementor-lightbox-title=\"DFD\" data-e-action-hash=\"#elementor-action%3Aaction%3Dlightbox%26settings%3DeyJpZCI6MTQ1MywidXJsIjoiaHR0cHM6XC9cL2xlemFtYWFzZXNvcmVzLmNvbVwvY2FiYW5lcm9cL3dwLWNvbnRlbnRcL3VwbG9hZHNcLzIwMjVcLzA0XC9ERkQuanBnIn0%3D\">\n\t\t\t\t\t\t\t<img loading=\"lazy\" decoding=\"async\" width=\"717\" height=\"931\" src=\"https:\/\/lezamaasesores.com\/cabanero\/wp-content\/uploads\/2025\/04\/DFD.jpg\" class=\"attachment-full size-full wp-image-1453\" alt=\"\" srcset=\"https:\/\/lezamaasesores.com\/cabanero\/wp-content\/uploads\/2025\/04\/DFD.jpg 717w, https:\/\/lezamaasesores.com\/cabanero\/wp-content\/uploads\/2025\/04\/DFD-231x300.jpg 231w\" sizes=\"(max-width: 717px) 100vw, 717px\" \/>\t\t\t\t\t\t\t\t<\/a>\n\t\t\t\t\t\t\t\t\t\t\t\t\t\t\t<\/div>\n\t\t\t\t<\/div>\n\t\t\t\t<div class=\"elementor-element elementor-element-229b49f elementor-widget elementor-widget-text-editor\" data-id=\"229b49f\" data-element_type=\"widget\" data-widget_type=\"text-editor.default\">\n\t\t\t\t<div class=\"elementor-widget-container\">\n\t\t\t\t\t\t\t\t\t<p>Estilo 1<\/p>\t\t\t\t\t\t\t\t<\/div>\n\t\t\t\t<\/div>\n\t\t\t\t<\/div>\n\t\t<div class=\"elementor-element elementor-element-0fcdec6 e-con-full e-flex e-con e-child\" data-id=\"0fcdec6\" data-element_type=\"container\">\n\t\t\t\t<div class=\"elementor-element elementor-element-f29d6a3 elementor-widget elementor-widget-image\" data-id=\"f29d6a3\" data-element_type=\"widget\" data-widget_type=\"image.default\">\n\t\t\t\t<div class=\"elementor-widget-container\">\n\t\t\t\t\t\t\t\t\t\t\t\t\t\t\t\t<a href=\"https:\/\/lezamaasesores.com\/cabanero\/wp-content\/uploads\/2025\/04\/GFG.jpg\" data-elementor-open-lightbox=\"yes\" data-elementor-lightbox-title=\"GFG\" data-e-action-hash=\"#elementor-action%3Aaction%3Dlightbox%26settings%3DeyJpZCI6MTM5MiwidXJsIjoiaHR0cHM6XC9cL2xlemFtYWFzZXNvcmVzLmNvbVwvY2FiYW5lcm9cL3dwLWNvbnRlbnRcL3VwbG9hZHNcLzIwMjVcLzA0XC9HRkcuanBnIn0%3D\">\n\t\t\t\t\t\t\t<img loading=\"lazy\" decoding=\"async\" width=\"717\" height=\"931\" src=\"https:\/\/lezamaasesores.com\/cabanero\/wp-content\/uploads\/2025\/04\/GFG.jpg\" class=\"attachment-full size-full wp-image-1392\" alt=\"\" srcset=\"https:\/\/lezamaasesores.com\/cabanero\/wp-content\/uploads\/2025\/04\/GFG.jpg 717w, https:\/\/lezamaasesores.com\/cabanero\/wp-content\/uploads\/2025\/04\/GFG-231x300.jpg 231w\" sizes=\"(max-width: 717px) 100vw, 717px\" \/>\t\t\t\t\t\t\t\t<\/a>\n\t\t\t\t\t\t\t\t\t\t\t\t\t\t\t<\/div>\n\t\t\t\t<\/div>\n\t\t\t\t<div class=\"elementor-element elementor-element-ae59001 elementor-widget elementor-widget-text-editor\" data-id=\"ae59001\" data-element_type=\"widget\" data-widget_type=\"text-editor.default\">\n\t\t\t\t<div class=\"elementor-widget-container\">\n\t\t\t\t\t\t\t\t\t<p>Estilo 1<\/p>\t\t\t\t\t\t\t\t<\/div>\n\t\t\t\t<\/div>\n\t\t\t\t<\/div>\n\t\t\t\t\t<\/div>\n\t\t\t\t<\/div>\n\t\t\t\t<\/div>\n\t\t","protected":false},"excerpt":{"rendered":"<p>GALER\u00cdA Estilo 1 Estilo 1 Estilo 1 Estilo 1 Estilo 1 Estilo 1 Estilo 1 En la Secci\u00f3n Styling, la creatividad se pone al servicio de un estilo \u00fanico y actual. Nuestros expertos estilistas dise\u00f1an peinados y cortes a la medida que resaltan tus rasgos y personalidad, adapt\u00e1ndose a las \u00faltimas tendencias y t\u00e9cnicas para [&hellip;]<\/p>\n","protected":false},"author":1,"featured_media":0,"parent":0,"menu_order":0,"comment_status":"closed","ping_status":"closed","template":"","meta":{"footnotes":""},"class_list":["post-1460","page","type-page","status-publish","hentry"],"_links":{"self":[{"href":"https:\/\/lezamaasesores.com\/cabanero\/wp-json\/wp\/v2\/pages\/1460","targetHints":{"allow":["GET"]}}],"collection":[{"href":"https:\/\/lezamaasesores.com\/cabanero\/wp-json\/wp\/v2\/pages"}],"about":[{"href":"https:\/\/lezamaasesores.com\/cabanero\/wp-json\/wp\/v2\/types\/page"}],"author":[{"embeddable":true,"href":"https:\/\/lezamaasesores.com\/cabanero\/wp-json\/wp\/v2\/users\/1"}],"replies":[{"embeddable":true,"href":"https:\/\/lezamaasesores.com\/cabanero\/wp-json\/wp\/v2\/comments?post=1460"}],"version-history":[{"count":0,"href":"https:\/\/lezamaasesores.com\/cabanero\/wp-json\/wp\/v2\/pages\/1460\/revisions"}],"wp:attachment":[{"href":"https:\/\/lezamaasesores.com\/cabanero\/wp-json\/wp\/v2\/media?parent=1460"}],"curies":[{"name":"wp","href":"https:\/\/api.w.org\/{rel}","templated":true}]}}